{"id":50,"date":"2019-09-17T13:30:37","date_gmt":"2019-09-17T13:30:37","guid":{"rendered":"http:\/\/jean-pierre-ponnelle.com\/?page_id=50"},"modified":"2024-05-15T07:17:23","modified_gmt":"2024-05-15T07:17:23","slug":"leben","status":"publish","type":"page","link":"https:\/\/jean-pierre-ponnelle.com\/?page_id=50","title":{"rendered":"Leben"},"content":{"rendered":"<p>[et_pb_section fb_built=&#8220;1&#8243; fullwidth=&#8220;on&#8220; admin_label=&#8220;Hero Section&#8220; _builder_version=&#8220;4.16&#8243; background_color=&#8220;rgba(255,255,255,0.7)&#8220; animation_style=&#8220;zoom&#8220; animation_direction=&#8220;bottom&#8220; animation_intensity_zoom=&#8220;4%&#8220; global_colors_info=&#8220;{}&#8220;][et_pb_fullwidth_header title=&#8220;Jean-Pierre Ponnelle&#8220; subhead=&#8220;Leben&#8220; text_orientation=&#8220;center&#8220; background_overlay_color=&#8220;rgba(255,255,255,0.85)&#8220; title_font_color=&#8220;#444235&#8243; subhead_font_color=&#8220;#444235&#8243; admin_label=&#8220;Hero&#8220; _builder_version=&#8220;4.16&#8243; title_font=&#8220;Comfortaa||||&#8220; title_text_color=&#8220;#444235&#8243; title_font_size=&#8220;72px&#8220; title_line_height=&#8220;1.3em&#8220; subhead_font=&#8220;Open Sans|||on|&#8220; subhead_text_color=&#8220;#444235&#8243; subhead_font_size=&#8220;20px&#8220; subhead_letter_spacing=&#8220;8px&#8220; subhead_line_height=&#8220;2em&#8220; background_color=&#8220;rgba(255, 255, 255, 0)&#8220; background_image=&#8220;http:\/\/jean-pierre-ponnelle.com\/wp-content\/uploads\/2019\/09\/jpp_003-1.jpg&#8220; custom_button_one=&#8220;on&#8220; button_one_text_size=&#8220;16px&#8220; button_one_text_color=&#8220;#ffffff&#8220; button_one_bg_color=&#8220;#d1af83&#8243; button_one_border_width=&#8220;10px&#8220; button_one_border_color=&#8220;#d1af83&#8243; button_one_border_radius=&#8220;0px&#8220; button_one_letter_spacing=&#8220;6px&#8220; button_one_font=&#8220;Open Sans||||&#8220; button_one_icon=&#8220;&#x24;||divi||400&#8243; button_one_icon_color=&#8220;#ffffff&#8220; button_one_on_hover=&#8220;off&#8220; background_layout=&#8220;light&#8220; custom_padding=&#8220;100px||100px|&#8220; animation_style=&#8220;fade&#8220; title_font_size_tablet=&#8220;&#8220; title_font_size_phone=&#8220;80px&#8220; title_font_size_last_edited=&#8220;on|phone&#8220; button_one_letter_spacing_hover=&#8220;10px&#8220; saved_tabs=&#8220;all&#8220; global_colors_info=&#8220;{}&#8220; button_one_text_size__hover_enabled=&#8220;off&#8220; button_two_text_size__hover_enabled=&#8220;off&#8220; button_one_text_color__hover_enabled=&#8220;off&#8220; button_two_text_color__hover_enabled=&#8220;off&#8220; button_one_border_width__hover_enabled=&#8220;off&#8220; button_two_border_width__hover_enabled=&#8220;off&#8220; button_one_border_color__hover_enabled=&#8220;off&#8220; button_two_border_color__hover_enabled=&#8220;off&#8220; button_one_border_radius__hover_enabled=&#8220;off&#8220; button_two_border_radius__hover_enabled=&#8220;off&#8220; button_one_letter_spacing__hover_enabled=&#8220;on&#8220; button_one_letter_spacing__hover=&#8220;10px&#8220; button_two_letter_spacing__hover_enabled=&#8220;off&#8220; button_one_bg_color__hover_enabled=&#8220;off&#8220; button_two_bg_color__hover_enabled=&#8220;off&#8220;][\/et_pb_fullwidth_header][\/et_pb_section][et_pb_section fb_built=&#8220;1&#8243; admin_label=&#8220;Contact Form Section&#8220; _builder_version=&#8220;4.16&#8243; custom_padding=&#8220;100px||100px|&#8220; global_colors_info=&#8220;{}&#8220;][et_pb_row _builder_version=&#8220;4.16&#8243; background_size=&#8220;initial&#8220; background_position=&#8220;top_left&#8220; background_repeat=&#8220;repeat&#8220; custom_width_px=&#8220;800px&#8220; global_colors_info=&#8220;{}&#8220;][et_pb_column type=&#8220;4_4&#8243; _builder_version=&#8220;4.16&#8243; custom_padding=&#8220;|||&#8220; global_colors_info=&#8220;{}&#8220; custom_padding__hover=&#8220;|||&#8220;][et_pb_image src=&#8220;http:\/\/jean-pierre-ponnelle.com\/wp-content\/uploads\/2019\/09\/jpp_001.jpg&#8220; align_tablet=&#8220;center&#8220; align_phone=&#8220;&#8220; align_last_edited=&#8220;on|desktop&#8220; _builder_version=&#8220;4.16&#8243; animation_style=&#8220;slide&#8220; animation_direction=&#8220;left&#8220; animation_duration=&#8220;500ms&#8220; animation_intensity_slide=&#8220;10%&#8220; global_colors_info=&#8220;{}&#8220;][\/et_pb_image][\/et_pb_column][\/et_pb_row][et_pb_row admin_label=&#8220;Comments Section&#8220; _builder_version=&#8220;4.16&#8243; background_size=&#8220;initial&#8220; background_position=&#8220;top_left&#8220; background_repeat=&#8220;repeat&#8220; locked=&#8220;off&#8220; global_colors_info=&#8220;{}&#8220;][et_pb_column type=&#8220;4_4&#8243; _builder_version=&#8220;4.16&#8243; custom_padding=&#8220;|||&#8220; global_colors_info=&#8220;{}&#8220; custom_padding__hover=&#8220;|||&#8220;][et_pb_text _builder_version=&#8220;4.16&#8243; text_font_size=&#8220;16px&#8220; text_line_height=&#8220;1.8em&#8220; global_colors_info=&#8220;{}&#8220;]<\/p>\n<p>Ponnelle wuchs in einer musischen Familie auf. Sein Gro\u00dfvater, ein Weinh\u00e4ndler und Musikkritiker, war mit dem Komponisten Richard Strauss befreundet. Aufmerksam f\u00f6rderten Ponnelles Eltern seine k\u00fcnstlerischen Kenntnisse und F\u00e4higkeiten. Acht Jahre lang erhielt er den in gro\u00dfb\u00fcrgerlichen Kreisen \u00fcblichen Klavierunterricht. Die Mutter, Mia Ponnelle, geb. Reiter, eine S\u00e4ngerin aus einer ungarisch-tschechischen Theaterfamilie, und der Vater, Pierre Ponnelle, Weinh\u00e4ndler und Journalist, besa\u00dfen ein Weingut in Beaune (Burgund). Ab 1942 unterst\u00fctzte Ponnelle p\u00e8re die R\u00e9sistance, sp\u00e4ter okkupierte die deutsche Armee ihren Wohnsitz. Die franz\u00f6sische Milit\u00e4rregierung beauftragte 1945 u. a. Pierre Ponnelle als Offizier f\u00fcr kulturelle Angelegenheiten mit dem Aufbau eines neuen Rundfunksenders, dem S\u00fcdwestfunk.<\/p>\n<p>Bis 1948 verbrachte Jean-Pierre Ponnelle seine letzten Schuljahre im franz\u00f6sischen Gymnasium in der Cit\u00e9 von Baden-Oos. Der Umgang und Austausch mit bedeutenden K\u00fcnstlerpers\u00f6nlichkeiten, die bei den Ponnelles ein und aus gingen, verst\u00e4rkten noch einmal diesen Wunsch nach kreativer Bet\u00e4tigung bei Ponnelle fils. Unter den Freunden des Hauses befanden sich Pers\u00f6nlichkeiten wie Heinrich Strobel, der einflussreiche Hauptabteilungsleiter f\u00fcr Musik beim SWF, der Baden-Baden und Donaueschingen zu Zentren der zeitgen\u00f6ssischen Musik machte; Hans Rosbaud, der Chefdirigent des Rundfunkorchesters, bei dem Ponnelle fils Musikunterricht erhielt; Pierre Boulez, Avantgardekomponist und zeitweiliger Nachfolger von Rosbaud, seit 1958 in Baden-Baden wohnend; Hannes Tannert, der Intendant des Baden-Badener Theaters, der Jean-Pierre Ponnelle zu vielen Engagements zusammen mit seiner Frau, der Schauspielerin Margit Saad einlud, darunter \u201eLes Caprices de Marianne\u201c, womit man 1963 auf den Berliner Festwochen auftreten durfte; aber auch Hans Werner Henze, den Ponnelle auf den Donaueschinger Musiktagen kennenlernte. Henze deb\u00fctierte 1950 mit seinem Ballettst\u00fcck \u201eJack Pudding\u201c in Wiesbaden und f\u00fcr das B\u00fchnenbild und die Kost\u00fcme beauftragte er seinen Freund Jean-Pierre. Beide gingen sie nach Paris, Ponnelle studierte an der Sorbonne Kunstgeschichte und Philosophie sowie Malerei bei Fernand L\u00e9ger; sp\u00e4ter arbeiteten sie noch mehrmals gemeinsam zu Henzes St\u00fccken, darunter Ponnelles Durchbruch mit der Oper \u201eBoulevard Solitude\u201c (1952).<\/p>\n<p>Im M\u00e4rz 1959 wird Ponnelle zum Milit\u00e4rdienst in Frankreich eingezogen. Da er pazifistisch eingestellt ist, verzichtet er auf eine Nutzung der privilegierten Offizierslaufbahn, die ihm als Abiturient offengestanden w\u00e4re. Es wird ein zweieinhalbj\u00e4hriges Martyrium in der marokkanisch-algerischen W\u00fcste, unterbrochen von zwei Malauftr\u00e4gen: ein Fresko in der Turnhalle der Kaserne von Rabat; sodann ein Kreuzabnahme-Triptychon f\u00fcr die katholische Milit\u00e4rkapelle \u201eNotre-Dame de la Paix\u201c in Baden-Oos auf Veranlassung von General Paul Vanuxem, stellvertretender Generalkommandeur der franz\u00f6sischen Truppen in Deutschland, davor Professor f\u00fcr Philosophie. Es gilt als sein bedeutendstes Gem\u00e4lde, misst 265 \u00d7 657 cm und ist seit 1968 in der Milit\u00e4rkapelle von \u00c9vreux (Normandie); die Besitzer der Firma Schmincke (D\u00fcsseldorf), mit denen die Ponnelles befreundet waren, stellten ihm umsonst die \u00d6lfarben. Ein ganzes gl\u00fcckliches Jahr durfte er dadurch mit seiner Familie in Baden-Baden verbringen. So f\u00e4hrt man mehrmals nach Colmar, um den Isenheimer Altar von Matthias Gr\u00fcnewald zu besichtigen und genie\u00dft die els\u00e4ssische K\u00fcche. Dann muss er wieder zur\u00fcck in die W\u00fcste und in den Algerienkrieg. Von dieser feindseligen Umwelt aufs \u00c4u\u00dferste bedr\u00e4ngt, reift sein Entschluss, sich nicht l\u00e4nger auf die Herstellung von B\u00fchnenbild und Kost\u00fcmen zu beschr\u00e4nken, sondern ein ganzes Werk als Regisseur zu durchdringen und zu beherrschen. In die oberrheinische Region wird er wieder 1965 von seinem Freund Germain Muller, Elsass&#8216; bedeutendstem Kabarettisten und damaligem Kulturbeauftragten der Stadt Stra\u00dfburg, zu einer Opernproduktion eingeladen. Dieser Inszenierung von Brittens Sommernachtstraum sollten noch elf weitere aufsehenerregende Engagements in Stra\u00dfburg folgen.<\/p>\n<p>[\/et_pb_text][\/et_pb_column][\/et_pb_row][et_pb_row _builder_version=&#8220;4.16&#8243; global_colors_info=&#8220;{}&#8220;][et_pb_column type=&#8220;4_4&#8243; _builder_version=&#8220;4.16&#8243; global_colors_info=&#8220;{}&#8220;][et_pb_image src=&#8220;http:\/\/jean-pierre-ponnelle.com\/wp-content\/uploads\/2019\/09\/jpp_triptychon_004.jpg&#8220; _builder_version=&#8220;4.16&#8243; global_colors_info=&#8220;{}&#8220;][\/et_pb_image][\/et_pb_column][\/et_pb_row][et_pb_row _builder_version=&#8220;4.16&#8243; background_size=&#8220;initial&#8220; background_position=&#8220;top_left&#8220; background_repeat=&#8220;repeat&#8220; max_width=&#8220;800px&#8220; animation_style=&#8220;zoom&#8220; animation_direction=&#8220;bottom&#8220; animation_intensity_zoom=&#8220;10%&#8220; use_custom_width=&#8220;on&#8220; custom_width_px=&#8220;800px&#8220; global_colors_info=&#8220;{}&#8220;][et_pb_column type=&#8220;4_4&#8243; _builder_version=&#8220;4.16&#8243; custom_padding=&#8220;|||&#8220; global_colors_info=&#8220;{}&#8220; custom_padding__hover=&#8220;|||&#8220;][et_pb_comments show_avatar=&#8220;off&#8220; show_count=&#8220;off&#8220; disabled_on=&#8220;off|off|off&#8220; _builder_version=&#8220;4.16&#8243; meta_font=&#8220;|on|||&#8220; meta_text_color=&#8220;#444235&#8243; meta_font_size=&#8220;16px&#8220; body_text_color=&#8220;rgba(68,66,53,0.8)&#8220; body_font_size=&#8220;17px&#8220; body_line_height=&#8220;1.9em&#8220; custom_button=&#8220;on&#8220; button_text_size=&#8220;16px&#8220; button_text_color=&#8220;#ffffff&#8220; button_bg_color=&#8220;#d1af83&#8243; button_border_width=&#8220;10px&#8220; button_border_color=&#8220;#d1af83&#8243; button_border_radius=&#8220;0px&#8220; button_letter_spacing=&#8220;6px&#8220; button_font=&#8220;|||on|&#8220; button_icon=&#8220;&#x24;||divi||400&#8243; button_on_hover=&#8220;off&#8220; button_alignment=&#8220;center&#8220; text_orientation=&#8220;left&#8220; button_border_radius_hover=&#8220;0px&#8220; button_letter_spacing_hover=&#8220;10px&#8220; global_colors_info=&#8220;{}&#8220; button_text_size__hover_enabled=&#8220;off&#8220; button_one_text_size__hover_enabled=&#8220;off&#8220; button_two_text_size__hover_enabled=&#8220;off&#8220; button_text_color__hover_enabled=&#8220;off&#8220; button_one_text_color__hover_enabled=&#8220;off&#8220; button_two_text_color__hover_enabled=&#8220;off&#8220; button_border_width__hover_enabled=&#8220;off&#8220; button_one_border_width__hover_enabled=&#8220;off&#8220; button_two_border_width__hover_enabled=&#8220;off&#8220; button_border_color__hover_enabled=&#8220;off&#8220; button_one_border_color__hover_enabled=&#8220;off&#8220; button_two_border_color__hover_enabled=&#8220;off&#8220; button_border_radius__hover_enabled=&#8220;on&#8220; button_border_radius__hover=&#8220;0px&#8220; button_one_border_radius__hover_enabled=&#8220;off&#8220; button_two_border_radius__hover_enabled=&#8220;off&#8220; button_letter_spacing__hover_enabled=&#8220;on&#8220; button_letter_spacing__hover=&#8220;10px&#8220; button_one_letter_spacing__hover_enabled=&#8220;off&#8220; button_two_letter_spacing__hover_enabled=&#8220;off&#8220; button_bg_color__hover_enabled=&#8220;off&#8220; button_one_bg_color__hover_enabled=&#8220;off&#8220; button_two_bg_color__hover_enabled=&#8220;off&#8220;][\/et_pb_comments][\/et_pb_column][\/et_pb_row][\/et_pb_section][et_pb_section fb_built=&#8220;1&#8243; admin_label=&#8220;Contact Form Section&#8220; module_id=&#8220;rsvp&#8220; _builder_version=&#8220;4.16&#8243; background_color=&#8220;#d1af83&#8243; background_blend=&#8220;color&#8220; custom_padding=&#8220;120px||120px|&#8220; global_colors_info=&#8220;{}&#8220;][et_pb_row admin_label=&#8220;Contact Form Title&#8220; _builder_version=&#8220;4.16&#8243; background_size=&#8220;initial&#8220; background_position=&#8220;top_left&#8220; background_repeat=&#8220;repeat&#8220; locked=&#8220;off&#8220; global_colors_info=&#8220;{}&#8220;][et_pb_column type=&#8220;4_4&#8243; _builder_version=&#8220;4.16&#8243; custom_padding=&#8220;|||&#8220; global_colors_info=&#8220;{}&#8220; custom_padding__hover=&#8220;|||&#8220;][et_pb_text admin_label=&#8220;Title&#8220; _builder_version=&#8220;4.16&#8243; text_font=&#8220;||||&#8220; header_font=&#8220;Comfortaa||||&#8220; header_text_align=&#8220;center&#8220; header_font_size=&#8220;60px&#8220; header_line_height=&#8220;1.3em&#8220; background_size=&#8220;initial&#8220; background_position=&#8220;top_left&#8220; background_repeat=&#8220;repeat&#8220; text_orientation=&#8220;center&#8220; background_layout=&#8220;dark&#8220; module_alignment=&#8220;center&#8220; animation_style=&#8220;slide&#8220; animation_direction=&#8220;bottom&#8220; animation_intensity_slide=&#8220;10%&#8220; global_colors_info=&#8220;{}&#8220;]<\/p>\n<h1>Kontakt<\/h1>\n<p>[\/et_pb_text][\/et_pb_column][\/et_pb_row][et_pb_row admin_label=&#8220;Contact Form Area&#8220; _builder_version=&#8220;4.16&#8243; background_size=&#8220;initial&#8220; background_position=&#8220;top_left&#8220; background_repeat=&#8220;repeat&#8220; max_width=&#8220;800px&#8220; use_custom_width=&#8220;on&#8220; custom_width_px=&#8220;800px&#8220; global_colors_info=&#8220;{}&#8220;][et_pb_column type=&#8220;4_4&#8243; _builder_version=&#8220;4.16&#8243; custom_padding=&#8220;40px|||&#8220; global_colors_info=&#8220;{}&#8220; custom_padding__hover=&#8220;|||&#8220;][et_pb_contact_form captcha=&#8220;off&#8220; success_message=&#8220;Thank you for your response!&#8220; submit_button_text=&#8220;RSVP&#8220; module_id=&#8220;et_pb_contact_form_0&#8243; _builder_version=&#8220;4.16&#8243; _unique_id=&#8220;ca24d0fc-02b2-42d8-8f60-49f809e64dc4&#8243; custom_button=&#8220;on&#8220; button_text_size=&#8220;18px&#8220; button_text_color=&#8220;#444235&#8243; button_bg_color=&#8220;#ffffff&#8220; button_border_width=&#8220;5px&#8220; button_border_color=&#8220;#ffffff&#8220; button_border_radius=&#8220;0px&#8220; button_letter_spacing=&#8220;4px&#8220; button_font=&#8220;Comfortaa|on||on|&#8220; button_icon=&#8220;&#x24;||divi||400&#8243; button_icon_color=&#8220;#444235&#8243; button_on_hover=&#8220;off&#8220; animation_style=&#8220;fold&#8220; animation_intensity_fold=&#8220;12%&#8220; global_colors_info=&#8220;{}&#8220;][et_pb_contact_field field_id=&#8220;First_Name&#8220; field_title=&#8220;First Name&#8220; _builder_version=&#8220;4.16&#8243; form_field_background_color=&#8220;#ffffff&#8220; form_field_text_color=&#8220;rgba(68,66,53,0.8)&#8220; form_field_font=&#8220;Open Sans||||&#8220; field_background_color=&#8220;#ffffff&#8220; global_colors_info=&#8220;{}&#8220; button_text_size__hover_enabled=&#8220;off&#8220; button_one_text_size__hover_enabled=&#8220;off&#8220; button_two_text_size__hover_enabled=&#8220;off&#8220; button_text_color__hover_enabled=&#8220;off&#8220; button_one_text_color__hover_enabled=&#8220;off&#8220; button_two_text_color__hover_enabled=&#8220;off&#8220; button_border_width__hover_enabled=&#8220;off&#8220; button_one_border_width__hover_enabled=&#8220;off&#8220; button_two_border_width__hover_enabled=&#8220;off&#8220; button_border_color__hover_enabled=&#8220;off&#8220; button_one_border_color__hover_enabled=&#8220;off&#8220; button_two_border_color__hover_enabled=&#8220;off&#8220; button_border_radius__hover_enabled=&#8220;off&#8220; button_one_border_radius__hover_enabled=&#8220;off&#8220; button_two_border_radius__hover_enabled=&#8220;off&#8220; button_letter_spacing__hover_enabled=&#8220;off&#8220; button_one_letter_spacing__hover_enabled=&#8220;off&#8220; button_two_letter_spacing__hover_enabled=&#8220;off&#8220; button_bg_color__hover_enabled=&#8220;off&#8220; button_one_bg_color__hover_enabled=&#8220;off&#8220; button_two_bg_color__hover_enabled=&#8220;off&#8220;][\/et_pb_contact_field][et_pb_contact_field field_id=&#8220;Last_Name&#8220; field_title=&#8220;Last Name&#8220; _builder_version=&#8220;4.16&#8243; form_field_background_color=&#8220;#ffffff&#8220; form_field_text_color=&#8220;rgba(68,66,53,0.8)&#8220; form_field_font=&#8220;Open Sans||||&#8220; field_background_color=&#8220;#ffffff&#8220; global_colors_info=&#8220;{}&#8220; button_text_size__hover_enabled=&#8220;off&#8220; button_one_text_size__hover_enabled=&#8220;off&#8220; button_two_text_size__hover_enabled=&#8220;off&#8220; button_text_color__hover_enabled=&#8220;off&#8220; button_one_text_color__hover_enabled=&#8220;off&#8220; button_two_text_color__hover_enabled=&#8220;off&#8220; button_border_width__hover_enabled=&#8220;off&#8220; button_one_border_width__hover_enabled=&#8220;off&#8220; button_two_border_width__hover_enabled=&#8220;off&#8220; button_border_color__hover_enabled=&#8220;off&#8220; button_one_border_color__hover_enabled=&#8220;off&#8220; button_two_border_color__hover_enabled=&#8220;off&#8220; button_border_radius__hover_enabled=&#8220;off&#8220; button_one_border_radius__hover_enabled=&#8220;off&#8220; button_two_border_radius__hover_enabled=&#8220;off&#8220; button_letter_spacing__hover_enabled=&#8220;off&#8220; button_one_letter_spacing__hover_enabled=&#8220;off&#8220; button_two_letter_spacing__hover_enabled=&#8220;off&#8220; button_bg_color__hover_enabled=&#8220;off&#8220; button_one_bg_color__hover_enabled=&#8220;off&#8220; button_two_bg_color__hover_enabled=&#8220;off&#8220;][\/et_pb_contact_field][et_pb_contact_field field_id=&#8220;Email&#8220; field_title=&#8220;Email Address&#8220; fullwidth_field=&#8220;on&#8220; _builder_version=&#8220;4.16&#8243; form_field_background_color=&#8220;#ffffff&#8220; form_field_text_color=&#8220;rgba(68,66,53,0.8)&#8220; form_field_font=&#8220;Open Sans||||&#8220; field_background_color=&#8220;#ffffff&#8220; global_colors_info=&#8220;{}&#8220; button_text_size__hover_enabled=&#8220;off&#8220; button_one_text_size__hover_enabled=&#8220;off&#8220; button_two_text_size__hover_enabled=&#8220;off&#8220; button_text_color__hover_enabled=&#8220;off&#8220; button_one_text_color__hover_enabled=&#8220;off&#8220; button_two_text_color__hover_enabled=&#8220;off&#8220; button_border_width__hover_enabled=&#8220;off&#8220; button_one_border_width__hover_enabled=&#8220;off&#8220; button_two_border_width__hover_enabled=&#8220;off&#8220; button_border_color__hover_enabled=&#8220;off&#8220; button_one_border_color__hover_enabled=&#8220;off&#8220; button_two_border_color__hover_enabled=&#8220;off&#8220; button_border_radius__hover_enabled=&#8220;off&#8220; button_one_border_radius__hover_enabled=&#8220;off&#8220; button_two_border_radius__hover_enabled=&#8220;off&#8220; button_letter_spacing__hover_enabled=&#8220;off&#8220; button_one_letter_spacing__hover_enabled=&#8220;off&#8220; button_two_letter_spacing__hover_enabled=&#8220;off&#8220; button_bg_color__hover_enabled=&#8220;off&#8220; button_one_bg_color__hover_enabled=&#8220;off&#8220; button_two_bg_color__hover_enabled=&#8220;off&#8220;][\/et_pb_contact_field][et_pb_contact_field field_id=&#8220;Attending&#8220; field_title=&#8220;Attending?&#8220; field_type=&#8220;select&#8220; select_options=&#8220;%91{%22value%22:%22Regretfully Decline%22,%22checked%22:0,%22dragID%22:0},{%22value%22:%22Accept with Pleaure%22,%22checked%22:0,%22dragID%22:1}%93&#8243; fullwidth_field=&#8220;on&#8220; _builder_version=&#8220;4.16&#8243; form_field_background_color=&#8220;#ffffff&#8220; form_field_text_color=&#8220;rgba(68,66,53,0.8)&#8220; form_field_font_size=&#8220;14px&#8220; field_background_color=&#8220;#ffffff&#8220; global_colors_info=&#8220;{}&#8220; button_text_size__hover_enabled=&#8220;off&#8220; button_one_text_size__hover_enabled=&#8220;off&#8220; button_two_text_size__hover_enabled=&#8220;off&#8220; button_text_color__hover_enabled=&#8220;off&#8220; button_one_text_color__hover_enabled=&#8220;off&#8220; button_two_text_color__hover_enabled=&#8220;off&#8220; button_border_width__hover_enabled=&#8220;off&#8220; button_one_border_width__hover_enabled=&#8220;off&#8220; button_two_border_width__hover_enabled=&#8220;off&#8220; button_border_color__hover_enabled=&#8220;off&#8220; button_one_border_color__hover_enabled=&#8220;off&#8220; button_two_border_color__hover_enabled=&#8220;off&#8220; button_border_radius__hover_enabled=&#8220;off&#8220; button_one_border_radius__hover_enabled=&#8220;off&#8220; button_two_border_radius__hover_enabled=&#8220;off&#8220; button_letter_spacing__hover_enabled=&#8220;off&#8220; button_one_letter_spacing__hover_enabled=&#8220;off&#8220; button_two_letter_spacing__hover_enabled=&#8220;off&#8220; button_bg_color__hover_enabled=&#8220;off&#8220; button_one_bg_color__hover_enabled=&#8220;off&#8220; button_two_bg_color__hover_enabled=&#8220;off&#8220;][\/et_pb_contact_field][et_pb_contact_field field_id=&#8220;Notes&#8220; field_title=&#8220;Questions, Comments, Food Allergies?&#8220; field_type=&#8220;text&#8220; fullwidth_field=&#8220;on&#8220; conditional_logic=&#8220;on&#8220; conditional_logic_rules=&#8220;%91{%22field%22:%22attending%22,%22condition%22:%22is%22,%22value%22:%22Accept with Pleaure%22}%93&#8243; _builder_version=&#8220;4.16&#8243; form_field_background_color=&#8220;#ffffff&#8220; form_field_text_color=&#8220;rgba(68,66,53,0.8)&#8220; form_field_font=&#8220;Open Sans||||&#8220; field_background_color=&#8220;#ffffff&#8220; global_colors_info=&#8220;{}&#8220; button_text_size__hover_enabled=&#8220;off&#8220; button_one_text_size__hover_enabled=&#8220;off&#8220; button_two_text_size__hover_enabled=&#8220;off&#8220; button_text_color__hover_enabled=&#8220;off&#8220; button_one_text_color__hover_enabled=&#8220;off&#8220; button_two_text_color__hover_enabled=&#8220;off&#8220; button_border_width__hover_enabled=&#8220;off&#8220; button_one_border_width__hover_enabled=&#8220;off&#8220; button_two_border_width__hover_enabled=&#8220;off&#8220; button_border_color__hover_enabled=&#8220;off&#8220; button_one_border_color__hover_enabled=&#8220;off&#8220; button_two_border_color__hover_enabled=&#8220;off&#8220; button_border_radius__hover_enabled=&#8220;off&#8220; button_one_border_radius__hover_enabled=&#8220;off&#8220; button_two_border_radius__hover_enabled=&#8220;off&#8220; button_letter_spacing__hover_enabled=&#8220;off&#8220; button_one_letter_spacing__hover_enabled=&#8220;off&#8220; button_two_letter_spacing__hover_enabled=&#8220;off&#8220; button_bg_color__hover_enabled=&#8220;off&#8220; button_one_bg_color__hover_enabled=&#8220;off&#8220; button_two_bg_color__hover_enabled=&#8220;off&#8220;][\/et_pb_contact_field][\/et_pb_contact_form][\/et_pb_column][\/et_pb_row][\/et_pb_section]<\/p>\n","protected":false},"excerpt":{"rendered":"<p>Ponnelle wuchs in einer musischen Familie auf. Sein Gro\u00dfvater, ein Weinh\u00e4ndler und Musikkritiker, war mit dem Komponisten Richard Strauss befreundet. Aufmerksam f\u00f6rderten Ponnelles Eltern seine k\u00fcnstlerischen Kenntnisse und F\u00e4higkeiten. Acht Jahre lang erhielt er den in gro\u00dfb\u00fcrgerlichen Kreisen \u00fcblichen Klavierunterricht. Die Mutter, Mia Ponnelle, geb. Reiter, eine S\u00e4ngerin aus einer ungarisch-tschechischen Theaterfamilie, und der Vater, [&hellip;]<\/p>\n","protected":false},"author":1,"featured_media":0,"parent":0,"menu_order":0,"comment_status":"closed","ping_status":"closed","template":"","meta":{"_et_pb_use_builder":"on","_et_pb_old_content":"","_et_gb_content_width":"","footnotes":""},"_links":{"self":[{"href":"https:\/\/jean-pierre-ponnelle.com\/index.php?rest_route=\/wp\/v2\/pages\/50"}],"collection":[{"href":"https:\/\/jean-pierre-ponnelle.com\/index.php?rest_route=\/wp\/v2\/pages"}],"about":[{"href":"https:\/\/jean-pierre-ponnelle.com\/index.php?rest_route=\/wp\/v2\/types\/page"}],"author":[{"embeddable":true,"href":"https:\/\/jean-pierre-ponnelle.com\/index.php?rest_route=\/wp\/v2\/users\/1"}],"replies":[{"embeddable":true,"href":"https:\/\/jean-pierre-ponnelle.com\/index.php?rest_route=%2Fwp%2Fv2%2Fcomments&post=50"}],"version-history":[{"count":4,"href":"https:\/\/jean-pierre-ponnelle.com\/index.php?rest_route=\/wp\/v2\/pages\/50\/revisions"}],"predecessor-version":[{"id":73,"href":"https:\/\/jean-pierre-ponnelle.com\/index.php?rest_route=\/wp\/v2\/pages\/50\/revisions\/73"}],"wp:attachment":[{"href":"https:\/\/jean-pierre-ponnelle.com\/index.php?rest_route=%2Fwp%2Fv2%2Fmedia&parent=50"}],"curies":[{"name":"wp","href":"https:\/\/api.w.org\/{rel}","templated":true}]}}